mainder when g is divided by l(66).
9
Let g = 2044 - 1961. What is the remainder when 618 is divided by g?
37
Suppose -8*j = -1278 - 378. Let d = j + -165. Calculate the remainder when 418 is divided by d.
40
Let w = 8174 + -8030. Calculate the remainder when w is divided by 13.
1
Suppose -14*k = -233 - 11 - 554. What is the remainder when k is divided by 10?
7
Let d(p) = 4*p**2 - 41*p + 86. What is the remainder when 2211 is divided by d(8)?
13
Let x be (-352)/(-6)*6/4. Suppose -2*g = -6*g - 16, -x = -4*t - 3*g. What is the remainder when 34/((-10)/(-12) + (-1)/3) is divided by t?
18
Let w(y) = y**3 + 4*y**2 - 5*y + 15. Let p be w(-7). Let r = 65 - p. What is the remainder when r is divided by 42?
36
Suppose 24483 = 4*l + 23719. Calculate the remainder when 336 is divided by l.
145
Suppose -6*j + 20*j - 182 = 0. Let m(h) = -h**2 + 4*h + 57. Calculate the remainder when m(8) is divided by j.
12
Calculate the remainder when 331 is divided by (4 - -1)/(-4 + -1 + 1505/294).
37
Let f = -44 - -96. Let h = -3590 - -3649. Calculate the remainder when h is divided by f.
7
Suppose 0 = 7*y - 63*y + 1064. What is the remainder when 113 is divided by y?
18
Suppose -16*x - x - 4320 = -89*x. Let d(s) = -4*s + 4. Calculate the remainder when x is divided by d(-6).
4
Let q = 19 + -13. Suppose -o + 56 = -4*b + 65, -15 = -3*o - 2*b. Suppose -4*t - o*m - 8 = -26, 0 = 3*t + 4*m - 10. What is the remainder when t is divided by q?
0
Suppose 0 = -4*m + o + 1142, -15*m = -13*m - o - 574. What is the remainder when m is divided by 90?
14
Let m be 259*(2 - 2 - -3). Let j = m - 318. What is the remainder when j is divided by 21?
18
Suppose 5*r = v + 2*v - 1951, 0 = 5*v + r - 3317. What is the remainder when v is divided by 37?
33
Let z(p) = p**2 + 8*p - 7. Let k = -35466 - -35483. Calculate the remainder when z(6) is divided by k.
9
Let u(b) = -34*b - 350. Let h be u(-13). Let c = 244 - h. What is the remainder when c is divided by 33?
20
Let r(m) be the second derivative of 5*m**3/3 - 99*m**2 - 42*m + 4. What is the remainder when 328 is divided by r(22)?
20
Suppose 373*z - 371*z - 20 = 6. Calculate the remainder when 71 is divided by z.
6
Suppose -54 = -3*i - 36. Let a(l) = 12*l**2 - 19*l + 4. Calculate the remainder when a(i) is divided by 82.
76
Suppose 2*f = 7*f - 20, 2*i + 3*f - 1160 = 0. Let n = i + -465. What is the remainder when n is divided by 22?
21
Suppose 71 = 3*m - 1. Let g(p) be the first derivative of -3*p**4/4 - 5*p**3/3 - 5*p**2/2 - 5*p - 31. What is the remainder when m is divided by g(-2)?
6
Let v = -42 - -60. Let l = -15 + 18. Suppose 2*u - 240 = 2*s, -l*s = u - 0*s - 132. What is the remainder when u is divided by v?
15
Let r(c) = 39*c**2 - 181*c - 9. Suppose 4*z = 252 + 60. Calculate the remainder when r(6) is divided by z.
75
Let w = 4035 - 4013. What is the remainder when 610 is divided by w?
16
Suppose 4*x = -5*j - 19 - 31, -2*x + 5*j - 10 = 0. Suppose -2*v = -2*l - 32, -l - 3*l = 3*v - 34. Calculate the remainder when 24/300*295 - 4/x is divided by v.
10
Suppose 4*z - 49 = -0*y - y, 2*z + 55 = y. Let w(g) = 3*g**2 + 54*g - 1. Let m be w(-5). Let t = 210 + m. Calculate the remainder when y is divided by t.
11
Let j = -3338 - -3406. What is the remainder when 4079 is divided by j?
67
Suppose -5390 = -176*k + 106*k. Calculate the remainder when 164 is divided by k.
10
Suppose -20*c + 22*c + 875 = -3*l, 0 = -4*c + 5*l - 1739. Let x = -418 - c. Calculate the remainder when x is divided by 6.
0
Suppose 28*j - 10680 = 23*j. Let p(n) = 7*n**2 + 6*n + 3. Calculate the remainder when p(5) is divided by j/51 + 10/85.
40
Suppose -2*m + 405 = 2*m - 5*f, -m + 3*f = -110. Suppose -93*k = -m*k. Calculate the remainder when ((-268)/(-5) - k) + 2/5 is divided by 14.
12
Calculate the remainder when 100/150 + 6501/9 is divided by 22.
19
Let n = -4575 - -4635. What is the remainder when n is divided by 8?
4
Suppose -c = -5*o, 5*c - o + 120 = -6*o. Suppose 5*h - 4*p - 62 = 0, -h + 337*p - 333*p = -22. Calculate the remainder when (h/c)/(1/(-9))*4 is divided by 11.
7
Suppose 0*a + 54 = 3*a. Let t be 58/a - (-14)/(-63). Suppose k - t = 121. Calculate the remainder when k is divided by 21.
19
Suppose -44*f + 204 = -43*f. Let i = f - -21. What is the remainder when i is divided by 12?
9
Suppose 0 = 3*l - 3*y - 210, -5*y + 2*y + 240 = 3*l. Suppose -23*i + 18*i = -45. Calculate the remainder when l is divided by 16 + ((-6)/8 - i/4).
10
Let o = -608 + 1080. Calculate the remainder when o is divided by 14.
10
Let b = 196 - 194. Calculate the remainder when (b/6 - (-24)/9)*58 is divided by 11.
9
Suppose -205 = -3*l + 245. Let c = 266 - l. What is the remainder when c is divided by 39?
38
Let v(m) = m**2 - m - 1. Let c(g) = g**3 + 24*g**2 - 58*g + 19. Let k(s) = c(s) + 6*v(s). Calculate the remainder when 24 is divided by k(-32).
11
Suppose -2*y + 552 - 152 = 0. Let k = -117 + y. Let z = -151 + 172. Calculate the remainder when k is divided by z.
20
Suppose 5*q = 4*t + 4368, 5*t - 5506 = -5*q - 1201. What is the remainder when q is divided by 43?
8
Let s(v) = -v**3 + 12*v**2 + 3*v - 15. Let q(k) = k**3 + k**2 - 35*k + 70. Let a be q(2). Calculate the remainder when 165 is divided by s(a).
18
Let g(j) = -6. Let k(i) = i - 12. Let q(z) = -5*g(z) + 2*k(z). What is the remainder when q(36) is divided by 41?
37
Let l(o) = -o**2 + 46*o - 62. Let c be l(31). Let f = c - 400. Suppose -5*y - 2 = -4*x, -4*y = 2*x + y - 16. Calculate the remainder when f is divided by x.
0
Let h = 6019 - 5595. What is the remainder when h is divided by 25?
24
Suppose 0 = 99*x - 41*x - 5916. Calculate the remainder when 605 is divided by x.
95
Calculate the remainder when 1138 is divided by 5/4 + (-1702)/(-16)*(-16 + 18).
68
Let f = 7 - -2. Let k be 10 - -3 - (-2)/1. Suppose -2*m + 6 = -l + 3*l, -5*m - k = -5*l. What is the remainder when f is divided by l?
0
Let t be 120/50 + (-2)/5. Suppose -t*b + b + 42 = 0. Suppose 0 = 5*q - 8 - 47. What is the remainder when b is divided by q?
9
Let i = 49 + -45. Suppose -i*r = -5*u - r + 55, -41 = -2*u + 5*r. Suppose -u*f + 232 = 40. Calculate the remainder when 91 is divided by f.
19
Calculate the remainder when (14/4)/(-7) - (-198431)/346 is divided by 121.
89
Let w(s) = s**3 - 29*s**2 - 69*s - 21. What is the remainder when w(33) is divided by 103?
101
Let p = 78 + -75. Suppose 3*v - 129 = -p*l, 5*l - 154 - 49 = v. Calculate the remainder when l is divided by 11.
8
Let a(l) = l**3 + l**2 - l + 16. Let s be (-19383)/(-26) + (4/(-8) - 0). Let o = s + -735. What is the remainder when a(0) is divided by o?
6
Suppose -137 + 133 = x, 3*c + 4*x = -4. What is the remainder when c*(-1)/(-2) - -555 is divided by 56?
53
Let q(r) = r + r + r**2 + 0 + 2. Let f(c) = -c**3 - 67*c**2 - 865*c - 748. What is the remainder when q(-3) is divided by f(-50)?
1
Let x(s) = s**2 - 2*s - 31. Let l be x(-5). Suppose y + 741 = 5*z, -y - 445 = -l*z + z. Calculate the remainder when z is divided by ((-25)/(-2))/(2/4).
23
Let u = -67 + 10. Suppose -5*i - 189 = 4*f, 22*i = -2*f + 26*i - 88. Let o = f - u. What is the remainder when 21 is divided by o?
10
Suppose d - 2 = 0, -3*d - 12 = -2*f + d. Suppose -f*t + 837 = 137. Calculate the remainder when 202 is divided by t.
62
Let w(n) = 2*n**2 - 11*n - 66. What is the remainder when 115 is divided by w(-7)?
6
Let q be (2/5)/(1/30). Let w(k) = -7*k + 23*k + 4 - 7*k - 8*k. Calculate the remainder when 29 is divided by w(q).
13
Let s(y) = -y**3 - 83*y**2 + 163*y - 303. Calculate the remainder when s(-85) is divided by 104.
84
Suppose -12 + 82 = 10*h. Calculate the remainder when (-3 - (-6 + h)) + 88 is divided by 9.
3
Let n(a) = -150*a + 33060. Calculate the remainder when n(220) is divided by 5/15 + (-292)/(-6).
11
Suppose 0 = -2*s - 0*s + 28. Let c(u) = -2*u + 26. Let x be c(s). Calculate the remainder when x + -2 - -41 - 2 is divided by 10.
5
Let p(h) = 2*h**3 - 11*h**2 + 4*h + 90. Calculate the remainder when 5010 is divided by p(5).
80
Suppose -165 = -3*y + 24. Let w = 142 + y. What is the remainder when w is divided by 19?
15
Let y be 10/(-40) + 2/8*-115. Let x = 61 + y. Let q(d) = -d**2 - 7*d - 1. Calculate the remainder when x is divided by q(-3).
10
Suppose 3*z + 5*t = 436, -z + 4*t + 160 = 2*t. Calculate the remainder when 6229 is di